{"id":529,"date":"2021-12-23T22:43:09","date_gmt":"2021-12-23T22:43:09","guid":{"rendered":"https:\/\/demo.creativethemes.com\/blocksy\/garderobe\/?post_type=product&#038;p=529"},"modified":"2025-05-25T13:13:36","modified_gmt":"2025-05-25T16:13:36","slug":"gray-shoes","status":"publish","type":"product","link":"https:\/\/templates.loguei.com\/ecomm01\/produto\/gray-shoes\/","title":{"rendered":"Vestido curto Primavera"},"content":{"rendered":"<p>Fale aqui sobre o seu produto: Celebre a Primavera com o nosso Vestido Curto Primavera. Com cores vibrantes e um design fresco, este vestido \u00e9 perfeito para os dias ensolarados e alegres da esta\u00e7\u00e3o. Sinta-se leve, moderna e pronta para aproveitar o melhor que a Primavera tem a oferecer com esse elegante vestido curto.<\/p>\n<p>Seu comprimento curto \u00e9 perfeito para aproveitar os dias ensolarados, permitindo movimentos livres e descontra\u00eddos. Um toque de primavera diretamente para o seu guarda-roupa, este vestido \u00e9 uma escolha encantadora para qualquer ocasi\u00e3o da temporada.<\/p>\n","protected":false},"excerpt":{"rendered":"<p>Fale mais sobre o seu produto: Abra\u00e7ando a energia da primavera, o Vestido Curto Primavera \u00e9 uma express\u00e3o da esta\u00e7\u00e3o em sua forma mais elegante. Feito com um tecido leve e arejado, este vestido oferece conforto enquanto mant\u00e9m voc\u00ea na moda.<\/p>\n","protected":false},"featured_media":787,"comment_status":"open","ping_status":"closed","template":"","meta":[],"product_cat":[21],"product_tag":[],"class_list":["post-529","product","type-product","status-publish","has-post-thumbnail","hentry","product_cat-tenis"],"featured_image_urls":{"full":["https:\/\/templates.loguei.com\/ecomm01\/wp-content\/uploads\/2021\/12\/produto2.png",620,720,false],"thumbnail":["https:\/\/templates.loguei.com\/ecomm01\/wp-content\/uploads\/2021\/12\/produto2-150x150.png",150,150,true],"medium":["https:\/\/templates.loguei.com\/ecomm01\/wp-content\/uploads\/2021\/12\/produto2-258x300.png",258,300,true],"medium_large":["https:\/\/templates.loguei.com\/ecomm01\/wp-content\/uploads\/2021\/12\/produto2.png",620,720,false],"large":["https:\/\/templates.loguei.com\/ecomm01\/wp-content\/uploads\/2021\/12\/produto2.png",620,720,false],"1536x1536":["https:\/\/templates.loguei.com\/ecomm01\/wp-content\/uploads\/2021\/12\/produto2.png",620,720,false],"2048x2048":["https:\/\/templates.loguei.com\/ecomm01\/wp-content\/uploads\/2021\/12\/produto2.png",620,720,false],"woocommerce_thumbnail":["https:\/\/templates.loguei.com\/ecomm01\/wp-content\/uploads\/2021\/12\/produto2-300x348.png",300,348,true],"woocommerce_single":["https:\/\/templates.loguei.com\/ecomm01\/wp-content\/uploads\/2021\/12\/produto2-600x697.png",600,697,true],"woocommerce_gallery_thumbnail":["https:\/\/templates.loguei.com\/ecomm01\/wp-content\/uploads\/2021\/12\/produto2-100x100.png",100,100,true]},"post_excerpt_stackable":"<p>Fale mais sobre o seu produto: Abra\u00e7ando a energia da primavera, o Vestido Curto Primavera \u00e9 uma express\u00e3o da esta\u00e7\u00e3o em sua forma mais elegante. Feito com um tecido leve e arejado, este vestido oferece conforto enquanto mant\u00e9m voc\u00ea na moda.<\/p>\n","category_list":"","author_info":{"name":"","url":""},"comments_num":"1 coment\u00e1rio","_links":{"self":[{"href":"https:\/\/templates.loguei.com\/ecomm01\/wp-json\/wp\/v2\/product\/529","targetHints":{"allow":["GET"]}}],"collection":[{"href":"https:\/\/templates.loguei.com\/ecomm01\/wp-json\/wp\/v2\/product"}],"about":[{"href":"https:\/\/templates.loguei.com\/ecomm01\/wp-json\/wp\/v2\/types\/product"}],"replies":[{"embeddable":true,"href":"https:\/\/templates.loguei.com\/ecomm01\/wp-json\/wp\/v2\/comments?post=529"}],"wp:featuredmedia":[{"embeddable":true,"href":"https:\/\/templates.loguei.com\/ecomm01\/wp-json\/wp\/v2\/media\/787"}],"wp:attachment":[{"href":"https:\/\/templates.loguei.com\/ecomm01\/wp-json\/wp\/v2\/media?parent=529"}],"wp:term":[{"taxonomy":"product_cat","embeddable":true,"href":"https:\/\/templates.loguei.com\/ecomm01\/wp-json\/wp\/v2\/product_cat?post=529"},{"taxonomy":"product_tag","embeddable":true,"href":"https:\/\/templates.loguei.com\/ecomm01\/wp-json\/wp\/v2\/product_tag?post=529"}],"curies":[{"name":"wp","href":"https:\/\/api.w.org\/{rel}","templated":true}]}}