{"id":523,"date":"2021-12-23T22:37:43","date_gmt":"2021-12-23T22:37:43","guid":{"rendered":"https:\/\/demo.creativethemes.com\/blocksy\/garderobe\/?post_type=product&#038;p=523"},"modified":"2025-05-26T13:42:19","modified_gmt":"2025-05-26T16:42:19","slug":"color-sneakers","status":"publish","type":"product","link":"https:\/\/templates.loguei.com\/ecomm01\/produto\/color-sneakers\/","title":{"rendered":"Salto Alto Color"},"content":{"rendered":"<p>Fale aqui sobre o seu produto: O salto alto colorido \u00e9 um convite para se destacar da multid\u00e3o, adicionando um toque de vivacidade ao seu visual. Seja um ponto focal ou um complemento audacioso, este acess\u00f3rio transforma cada passo em uma declara\u00e7\u00e3o de eleg\u00e2ncia e autenticidade.<\/p>\n<p>Eleve o seu estilo a novas alturas com o nosso par de salto alto feminino. Cada detalhe foi cuidadosamente projetado para oferecer n\u00e3o apenas eleg\u00e2ncia, mas tamb\u00e9m conforto duradouro.<\/p>\n","protected":false},"excerpt":{"rendered":"<p>Fale mais sobre o seu produto: Usar um salto alto colorido \u00e9 mais do que adicionar altura &#8211; \u00e9 uma afirma\u00e7\u00e3o de confian\u00e7a e estilo. Essa escolha ousada e vibrante n\u00e3o apenas eleva sua estatura, mas tamb\u00e9m transmite uma atitude destemida.<\/p>\n","protected":false},"featured_media":802,"comment_status":"open","ping_status":"closed","template":"","meta":[],"product_cat":[21],"product_tag":[],"class_list":["post-523","product","type-product","status-publish","has-post-thumbnail","hentry","product_cat-tenis"],"featured_image_urls":{"full":["https:\/\/templates.loguei.com\/ecomm01\/wp-content\/uploads\/2021\/12\/produto5.png",620,720,false],"thumbnail":["https:\/\/templates.loguei.com\/ecomm01\/wp-content\/uploads\/2021\/12\/produto5-150x150.png",150,150,true],"medium":["https:\/\/templates.loguei.com\/ecomm01\/wp-content\/uploads\/2021\/12\/produto5-258x300.png",258,300,true],"medium_large":["https:\/\/templates.loguei.com\/ecomm01\/wp-content\/uploads\/2021\/12\/produto5.png",620,720,false],"large":["https:\/\/templates.loguei.com\/ecomm01\/wp-content\/uploads\/2021\/12\/produto5.png",620,720,false],"1536x1536":["https:\/\/templates.loguei.com\/ecomm01\/wp-content\/uploads\/2021\/12\/produto5.png",620,720,false],"2048x2048":["https:\/\/templates.loguei.com\/ecomm01\/wp-content\/uploads\/2021\/12\/produto5.png",620,720,false],"woocommerce_thumbnail":["https:\/\/templates.loguei.com\/ecomm01\/wp-content\/uploads\/2021\/12\/produto5-300x348.png",300,348,true],"woocommerce_single":["https:\/\/templates.loguei.com\/ecomm01\/wp-content\/uploads\/2021\/12\/produto5-600x697.png",600,697,true],"woocommerce_gallery_thumbnail":["https:\/\/templates.loguei.com\/ecomm01\/wp-content\/uploads\/2021\/12\/produto5-100x100.png",100,100,true]},"post_excerpt_stackable":"<p>Fale mais sobre o seu produto: Usar um salto alto colorido \u00e9 mais do que adicionar altura &#8211; \u00e9 uma afirma\u00e7\u00e3o de confian\u00e7a e estilo. Essa escolha ousada e vibrante n\u00e3o apenas eleva sua estatura, mas tamb\u00e9m transmite uma atitude destemida.<\/p>\n","category_list":"","author_info":{"name":"","url":""},"comments_num":"2 coment\u00e1rios","_links":{"self":[{"href":"https:\/\/templates.loguei.com\/ecomm01\/wp-json\/wp\/v2\/product\/523","targetHints":{"allow":["GET"]}}],"collection":[{"href":"https:\/\/templates.loguei.com\/ecomm01\/wp-json\/wp\/v2\/product"}],"about":[{"href":"https:\/\/templates.loguei.com\/ecomm01\/wp-json\/wp\/v2\/types\/product"}],"replies":[{"embeddable":true,"href":"https:\/\/templates.loguei.com\/ecomm01\/wp-json\/wp\/v2\/comments?post=523"}],"wp:featuredmedia":[{"embeddable":true,"href":"https:\/\/templates.loguei.com\/ecomm01\/wp-json\/wp\/v2\/media\/802"}],"wp:attachment":[{"href":"https:\/\/templates.loguei.com\/ecomm01\/wp-json\/wp\/v2\/media?parent=523"}],"wp:term":[{"taxonomy":"product_cat","embeddable":true,"href":"https:\/\/templates.loguei.com\/ecomm01\/wp-json\/wp\/v2\/product_cat?post=523"},{"taxonomy":"product_tag","embeddable":true,"href":"https:\/\/templates.loguei.com\/ecomm01\/wp-json\/wp\/v2\/product_tag?post=523"}],"curies":[{"name":"wp","href":"https:\/\/api.w.org\/{rel}","templated":true}]}}